{"id":1321,"date":"2024-12-12T18:22:27","date_gmt":"2024-12-12T18:22:27","guid":{"rendered":"https:\/\/editorialjande.com\/?page_id=1321"},"modified":"2024-12-12T18:32:58","modified_gmt":"2024-12-12T18:32:58","slug":"january","status":"publish","type":"page","link":"https:\/\/editorialjande.com\/en\/january\/","title":{"rendered":"Jande"},"content":{"rendered":"<div data-elementor-type=\"wp-page\" data-elementor-id=\"1321\" class=\"elementor elementor-1321\" data-elementor-post-type=\"page\">\n\t\t\t\t<div class=\"elementor-element elementor-element-bea1671 e-flex e-con-boxed e-con e-parent\" data-id=\"bea1671\" data-element_type=\"container\" data-settings=\"{&quot;background_background&quot;:&quot;classic&quot;}\">\n\t\t\t\t\t<div class=\"e-con-inner\">\n\t\t<div class=\"elementor-element elementor-element-f0cc7bf e-con-full e-flex e-con e-child\" data-id=\"f0cc7bf\" data-element_type=\"container\" data-settings=\"{&quot;background_background&quot;:&quot;classic&quot;}\">\n\t\t\t\t<div class=\"elementor-element elementor-element-421afc1 elementor-widget elementor-widget-image\" data-id=\"421afc1\" data-element_type=\"widget\" data-widget_type=\"image.default\">\n\t\t\t\t<div class=\"elementor-widget-container\">\n\t\t\t\t\t\t\t\t\t\t\t\t\t\t\t<img fetchpriority=\"high\" decoding=\"async\" width=\"800\" height=\"421\" src=\"https:\/\/editorialjande.com\/wp-content\/uploads\/2024\/07\/Sin-titulo-1-e1719863676287-1024x539.png\" class=\"attachment-large size-large wp-image-567\" alt=\"logo\" srcset=\"https:\/\/editorialjande.com\/wp-content\/uploads\/2024\/07\/Sin-titulo-1-e1719863676287-1024x539.png 1024w, https:\/\/editorialjande.com\/wp-content\/uploads\/2024\/07\/Sin-titulo-1-e1719863676287-600x316.png 600w, https:\/\/editorialjande.com\/wp-content\/uploads\/2024\/07\/Sin-titulo-1-e1719863676287-300x158.png 300w, https:\/\/editorialjande.com\/wp-content\/uploads\/2024\/07\/Sin-titulo-1-e1719863676287-768x404.png 768w, https:\/\/editorialjande.com\/wp-content\/uploads\/2024\/07\/Sin-titulo-1-e1719863676287-18x9.png 18w, https:\/\/editorialjande.com\/wp-content\/uploads\/2024\/07\/Sin-titulo-1-e1719863676287.png 1459w\" sizes=\"(max-width: 800px) 100vw, 800px\" \/>\t\t\t\t\t\t\t\t\t\t\t\t\t\t\t<\/div>\n\t\t\t\t<\/div>\n\t\t\t\t<\/div>\n\t\t<div class=\"elementor-element elementor-element-54c625c e-con-full e-flex e-con e-child\" data-id=\"54c625c\" data-element_type=\"container\">\n\t\t\t\t<div class=\"elementor-element elementor-element-baa8415 elementor-widget elementor-widget-heading\" data-id=\"baa8415\" data-element_type=\"widget\" data-widget_type=\"heading.default\">\n\t\t\t\t<div class=\"elementor-widget-container\">\n\t\t\t\t\t<h2 class=\"elementor-heading-title elementor-size-default\">What is it<\/h2>\t\t\t\t<\/div>\n\t\t\t\t<\/div>\n\t\t\t\t<div class=\"elementor-element elementor-element-c301505 elementor-widget elementor-widget-text-editor\" data-id=\"c301505\" data-element_type=\"widget\" data-widget_type=\"text-editor.default\">\n\t\t\t\t<div class=\"elementor-widget-container\">\n\t\t\t\t\t\t\t\t\t<p class=\"translation-block\">JA\u014aDE Editorial is a cooperative publishing house of fiction and non-fiction in Catalan and Spanish that was born between Barcelona, \u200b\u200bVic, and Matar\u00f3 with a social vocation: to generate a quality space for literature that we didn't know we lacked.<\/p>\t\t\t\t\t\t\t\t<\/div>\n\t\t\t\t<\/div>\n\t\t\t\t<div class=\"elementor-element elementor-element-5371ae5 elementor-widget elementor-widget-heading\" data-id=\"5371ae5\" data-element_type=\"widget\" data-widget_type=\"heading.default\">\n\t\t\t\t<div class=\"elementor-widget-container\">\n\t\t\t\t\t<h2 class=\"elementor-heading-title elementor-size-default\">our name<\/h2>\t\t\t\t<\/div>\n\t\t\t\t<\/div>\n\t\t\t\t<div class=\"elementor-element elementor-element-2bf24b7 elementor-widget elementor-widget-text-editor\" data-id=\"2bf24b7\" data-element_type=\"widget\" data-widget_type=\"text-editor.default\">\n\t\t\t\t<div class=\"elementor-widget-container\">\n\t\t\t\t\t\t\t\t\t<p>The word \"ja\u014bde\" belongs to the Fula or Pulaar language, the language of the Fulani, an ethnic group present in several countries in the southern Sahel area, in West Africa, with more than 40 million speakers today.<\/p><p>\"Ja\u014bde\" can be translated as \"reading\" and also \"teaching\".<\/p><p>Our name is a reflection of what we seek through our books.<\/p>\t\t\t\t\t\t\t\t<\/div>\n\t\t\t\t<\/div>\n\t\t\t\t<\/div>\n\t\t\t\t\t<\/div>\n\t\t\t\t<\/div>\n\t\t<div class=\"elementor-element elementor-element-475924a e-flex e-con-boxed e-con e-parent\" data-id=\"475924a\" data-element_type=\"container\">\n\t\t\t\t\t<div class=\"e-con-inner\">\n\t\t<div class=\"elementor-element elementor-element-bd1c558 e-flex e-con-boxed e-con e-child\" data-id=\"bd1c558\" data-element_type=\"container\">\n\t\t\t\t\t<div class=\"e-con-inner\">\n\t\t<div class=\"elementor-element elementor-element-e977662 e-flex e-con-boxed e-con e-child\" data-id=\"e977662\" data-element_type=\"container\" data-settings=\"{&quot;background_background&quot;:&quot;classic&quot;}\">\n\t\t\t\t\t<div class=\"e-con-inner\">\n\t\t\t\t<div class=\"elementor-element elementor-element-4c864e3 elementor-widget elementor-widget-icon-box\" data-id=\"4c864e3\" data-element_type=\"widget\" data-widget_type=\"icon-box.default\">\n\t\t\t\t<div class=\"elementor-widget-container\">\n\t\t\t\t\t\t\t<div class=\"elementor-icon-box-wrapper\">\n\n\t\t\t\n\t\t\t\t\t\t<div class=\"elementor-icon-box-content\">\n\n\t\t\t\t\t\t\t\t\t<h3 class=\"elementor-icon-box-title\">\n\t\t\t\t\t\t<span  >\n\t\t\t\t\t\t\tWE SEEK\t\t\t\t\t\t<\/span>\n\t\t\t\t\t<\/h3>\n\t\t\t\t\n\t\t\t\t\t\t\t\t\t<p class=\"elementor-icon-box-description\">\n\t\t\t\t\t\tPromote racialized or migrant voices who have a difficult access  in the publishing industry due to discrimination based on their origin, race or ethnicity. These voices are necessary and have a lot to say, we want to read them.\t\t\t\t\t<\/p>\n\t\t\t\t\n\t\t\t<\/div>\n\t\t\t\n\t\t<\/div>\n\t\t\t\t\t\t<\/div>\n\t\t\t\t<\/div>\n\t\t\t\t\t<\/div>\n\t\t\t\t<\/div>\n\t\t<div class=\"elementor-element elementor-element-75c571a e-flex e-con-boxed e-con e-child\" data-id=\"75c571a\" data-element_type=\"container\" data-settings=\"{&quot;background_background&quot;:&quot;classic&quot;}\">\n\t\t\t\t\t<div class=\"e-con-inner\">\n\t\t\t\t<div class=\"elementor-element elementor-element-7bd15a8 elementor-widget elementor-widget-icon-box\" data-id=\"7bd15a8\" data-element_type=\"widget\" data-widget_type=\"icon-box.default\">\n\t\t\t\t<div class=\"elementor-widget-container\">\n\t\t\t\t\t\t\t<div class=\"elementor-icon-box-wrapper\">\n\n\t\t\t\n\t\t\t\t\t\t<div class=\"elementor-icon-box-content\">\n\n\t\t\t\t\t\t\t\t\t<h3 class=\"elementor-icon-box-title\">\n\t\t\t\t\t\t<span  >\n\t\t\t\t\t\t\tWE ARE INTERESTED IN\t\t\t\t\t\t<\/span>\n\t\t\t\t\t<\/h3>\n\t\t\t\t\n\t\t\t\t\t\t\t\t\t<p class=\"elementor-icon-box-description\">\n\t\t\t\t\t\tExpand into Catalan market the range of translations  of already established international writers, authors of works that allow us to learn about new worlds, new realities and new perspectives that, in fact, are still another, legitimate, living face of our own society\t\t\t\t\t<\/p>\n\t\t\t\t\n\t\t\t<\/div>\n\t\t\t\n\t\t<\/div>\n\t\t\t\t\t\t<\/div>\n\t\t\t\t<\/div>\n\t\t\t\t\t<\/div>\n\t\t\t\t<\/div>\n\t\t<div class=\"elementor-element elementor-element-f15a79f e-flex e-con-boxed e-con e-child\" data-id=\"f15a79f\" data-element_type=\"container\" data-settings=\"{&quot;background_background&quot;:&quot;classic&quot;}\">\n\t\t\t\t\t<div class=\"e-con-inner\">\n\t\t\t\t<div class=\"elementor-element elementor-element-6c56c5c elementor-widget elementor-widget-icon-box\" data-id=\"6c56c5c\" data-element_type=\"widget\" data-widget_type=\"icon-box.default\">\n\t\t\t\t<div class=\"elementor-widget-container\">\n\t\t\t\t\t\t\t<div class=\"elementor-icon-box-wrapper\">\n\n\t\t\t\n\t\t\t\t\t\t<div class=\"elementor-icon-box-content\">\n\n\t\t\t\t\t\t\t\t\t<h3 class=\"elementor-icon-box-title\">\n\t\t\t\t\t\t<span  >\n\t\t\t\t\t\t\tWe are interested\t\t\t\t\t\t<\/span>\n\t\t\t\t\t<\/h3>\n\t\t\t\t\n\t\t\t\t\t\t\t\t\t<p class=\"elementor-icon-box-description\">\n\t\t\t\t\t\tNot only publishing voices of migrant origin for the mere fact of being one, but also always taking into account the requirement of literary quality, offering authors the opportunity, financial remuneration, support, and the framework of dignity and equality they deserve. That they access, finally, the Catalan cultural network without it being an anecdotal or instrumentalized fact.\t\t\t\t\t<\/p>\n\t\t\t\t\n\t\t\t<\/div>\n\t\t\t\n\t\t<\/div>\n\t\t\t\t\t\t<\/div>\n\t\t\t\t<\/div>\n\t\t\t\t\t<\/div>\n\t\t\t\t<\/div>\n\t\t\t\t\t<\/div>\n\t\t\t\t<\/div>\n\t\t\t\t\t<\/div>\n\t\t\t\t<\/div>\n\t\t<div class=\"elementor-element elementor-element-fa91919 e-flex e-con-boxed e-con e-parent\" data-id=\"fa91919\" data-element_type=\"container\">\n\t\t\t\t\t<div class=\"e-con-inner\">\n\t\t<div class=\"elementor-element elementor-element-cf029ed e-con-full e-flex e-con e-child\" data-id=\"cf029ed\" data-element_type=\"container\">\n\t\t<div class=\"elementor-element elementor-element-b339b90 e-con-full e-flex e-con e-child\" data-id=\"b339b90\" data-element_type=\"container\" data-settings=\"{&quot;background_background&quot;:&quot;classic&quot;}\">\n\t\t\t\t<div class=\"elementor-element elementor-element-7cf8520 elementor-widget elementor-widget-image\" data-id=\"7cf8520\" data-element_type=\"widget\" data-widget_type=\"image.default\">\n\t\t\t\t<div class=\"elementor-widget-container\">\n\t\t\t\t\t\t\t\t\t\t\t\t\t\t\t<img decoding=\"async\" width=\"800\" height=\"534\" src=\"https:\/\/editorialjande.com\/wp-content\/uploads\/2024\/02\/4Z8A4851-1024x683.jpg\" class=\"attachment-large size-large wp-image-110\" alt=\"\" srcset=\"https:\/\/editorialjande.com\/wp-content\/uploads\/2024\/02\/4Z8A4851-1024x683.jpg 1024w, https:\/\/editorialjande.com\/wp-content\/uploads\/2024\/02\/4Z8A4851-scaled-600x400.jpg 600w, https:\/\/editorialjande.com\/wp-content\/uploads\/2024\/02\/4Z8A4851-300x200.jpg 300w, https:\/\/editorialjande.com\/wp-content\/uploads\/2024\/02\/4Z8A4851-768x512.jpg 768w, https:\/\/editorialjande.com\/wp-content\/uploads\/2024\/02\/4Z8A4851-1536x1024.jpg 1536w, https:\/\/editorialjande.com\/wp-content\/uploads\/2024\/02\/4Z8A4851-2048x1365.jpg 2048w\" sizes=\"(max-width: 800px) 100vw, 800px\" \/>\t\t\t\t\t\t\t\t\t\t\t\t\t\t\t<\/div>\n\t\t\t\t<\/div>\n\t\t\t\t<\/div>\n\t\t<div class=\"elementor-element elementor-element-5f41dd2 e-con-full e-flex e-con e-child\" data-id=\"5f41dd2\" data-element_type=\"container\">\n\t\t\t\t<div class=\"elementor-element elementor-element-eaf4459 elementor-widget elementor-widget-heading\" data-id=\"eaf4459\" data-element_type=\"widget\" data-widget_type=\"heading.default\">\n\t\t\t\t<div class=\"elementor-widget-container\">\n\t\t\t\t\t<h2 class=\"elementor-heading-title elementor-size-default\">Who we are<\/h2>\t\t\t\t<\/div>\n\t\t\t\t<\/div>\n\t\t\t\t<div class=\"elementor-element elementor-element-e80e94b elementor-widget elementor-widget-heading\" data-id=\"e80e94b\" data-element_type=\"widget\" data-widget_type=\"heading.default\">\n\t\t\t\t<div class=\"elementor-widget-container\">\n\t\t\t\t\t<h2 class=\"elementor-heading-title elementor-size-default\">The editors<\/h2>\t\t\t\t<\/div>\n\t\t\t\t<\/div>\n\t\t\t\t<div class=\"elementor-element elementor-element-660654c elementor-widget elementor-widget-text-editor\" data-id=\"660654c\" data-element_type=\"widget\" data-widget_type=\"text-editor.default\">\n\t\t\t\t<div class=\"elementor-widget-container\">\n\t\t\t\t\t\t\t\t\t<p><strong>Aissata M\u2019ballo Diao<\/strong><strong>Aissata M'ballo Diao<\/strong>, graduated in Journalism and Humanities from the Pompeu Fabra University and with a master's degree in Publishing from the UPF-BSM, is the daughter of Senegalese parents and she was twenty-three years old when she found herself represented for the first time in the cover of a fiction book.<\/p><p class=\"translation-block\"><strong>Diana Rahmouni Audenis<\/strong>, graduated in Modern Languages \u200b\u200band Literatures from the University of Barcelona, \u200b\u200bwith a master's degree in Publishing from Taller de los Libros and with a postgraduate degree in Culture, Reading and Literature for Children and Young People from the University of Valencia, is the daughter of Syrian father and Catalan mother and for many years she thought that Arabic literature was an inaccessible mystery.<\/p>\t\t\t\t\t\t\t\t<\/div>\n\t\t\t\t<\/div>\n\t\t\t\t<\/div>\n\t\t\t\t<\/div>\n\t\t\t\t\t<\/div>\n\t\t\t\t<\/div>\n\t\t\t\t<\/div>","protected":false},"excerpt":{"rendered":"<p>Qu\u00e8 \u00e9s JA\u014aDE Editorial \u00e9s una cooperativa editorial de ficci\u00f3 i no-ficci\u00f3 en catal\u00e0 que neix entre Barcelona, Vic i Matar\u00f3 amb vocaci\u00f3 social: generar un espai de qualitat per a la literatura que no sab\u00edem que ens mancava. El nostre nom El mot \u00abja\u014bde\u00bb pertany a la llengua fula o pulaar, l\u2019idioma dels fulanis, [&hellip;]<\/p>\n","protected":false},"author":5,"featured_media":0,"parent":0,"menu_order":0,"comment_status":"closed","ping_status":"closed","template":"elementor_canvas","meta":{"_acf_changed":false,"footnotes":""},"class_list":["post-1321","page","type-page","status-publish","hentry"],"acf":[],"_links":{"self":[{"href":"https:\/\/editorialjande.com\/en\/wp-json\/wp\/v2\/pages\/1321","targetHints":{"allow":["GET"]}}],"collection":[{"href":"https:\/\/editorialjande.com\/en\/wp-json\/wp\/v2\/pages"}],"about":[{"href":"https:\/\/editorialjande.com\/en\/wp-json\/wp\/v2\/types\/page"}],"author":[{"embeddable":true,"href":"https:\/\/editorialjande.com\/en\/wp-json\/wp\/v2\/users\/5"}],"replies":[{"embeddable":true,"href":"https:\/\/editorialjande.com\/en\/wp-json\/wp\/v2\/comments?post=1321"}],"version-history":[{"count":9,"href":"https:\/\/editorialjande.com\/en\/wp-json\/wp\/v2\/pages\/1321\/revisions"}],"predecessor-version":[{"id":1342,"href":"https:\/\/editorialjande.com\/en\/wp-json\/wp\/v2\/pages\/1321\/revisions\/1342"}],"wp:attachment":[{"href":"https:\/\/editorialjande.com\/en\/wp-json\/wp\/v2\/media?parent=1321"}],"curies":[{"name":"wp","href":"https:\/\/api.w.org\/{rel}","templated":true}]}}

<div data-elementor-type="wp-page" data-elementor-id="1321" class="elementor elementor-1321" data-elementor-post-type="page">
				<div class="elementor-element elementor-element-bea1671 e-flex e-con-boxed e-con e-parent" data-id="bea1671" data-element_type="container" data-settings="{&quot;background_background&quot;:&quot;classic&quot;}">
					<div class="e-con-inner">
		<div class="elementor-element elementor-element-f0cc7bf e-con-full e-flex e-con e-child" data-id="f0cc7bf" data-element_type="container" data-settings="{&quot;background_background&quot;:&quot;classic&quot;}">
				<div class="elementor-element elementor-element-421afc1 elementor-widget elementor-widget-image" data-id="421afc1" data-element_type="widget" data-widget_type="image.default">
				<div class="elementor-widget-container">
															<img fetchpriority="high" decoding="async" width="800" height="421" src="https://editorialjande.com/wp-content/uploads/2024/07/Sin-titulo-1-e1719863676287-1024x539.png" class="attachment-large size-large wp-image-567" alt="logo" srcset="https://editorialjande.com/wp-content/uploads/2024/07/Sin-titulo-1-e1719863676287-1024x539.png 1024w, https://editorialjande.com/wp-content/uploads/2024/07/Sin-titulo-1-e1719863676287-600x316.png 600w, https://editorialjande.com/wp-content/uploads/2024/07/Sin-titulo-1-e1719863676287-300x158.png 300w, https://editorialjande.com/wp-content/uploads/2024/07/Sin-titulo-1-e1719863676287-768x404.png 768w, https://editorialjande.com/wp-content/uploads/2024/07/Sin-titulo-1-e1719863676287-18x9.png 18w, https://editorialjande.com/wp-content/uploads/2024/07/Sin-titulo-1-e1719863676287.png 1459w" sizes="(max-width: 800px) 100vw, 800px" />															</div>
				</div>
				</div>
		<div class="elementor-element elementor-element-54c625c e-con-full e-flex e-con e-child" data-id="54c625c" data-element_type="container">
				<div class="elementor-element elementor-element-baa8415 elementor-widget elementor-widget-heading" data-id="baa8415" data-element_type="widget" data-widget_type="heading.default">
				<div class="elementor-widget-container">
					<h2 class="elementor-heading-title elementor-size-default">What is it</h2>				</div>
				</div>
				<div class="elementor-element elementor-element-c301505 elementor-widget elementor-widget-text-editor" data-id="c301505" data-element_type="widget" data-widget_type="text-editor.default">
				<div class="elementor-widget-container">
									<p class="translation-block">JAŊDE Editorial is a cooperative publishing house of fiction and non-fiction in Catalan and Spanish that was born between Barcelona, ​​Vic, and Mataró with a social vocation: to generate a quality space for literature that we didn't know we lacked.</p>								</div>
				</div>
				<div class="elementor-element elementor-element-5371ae5 elementor-widget elementor-widget-heading" data-id="5371ae5" data-element_type="widget" data-widget_type="heading.default">
				<div class="elementor-widget-container">
					<h2 class="elementor-heading-title elementor-size-default">our name</h2>				</div>
				</div>
				<div class="elementor-element elementor-element-2bf24b7 elementor-widget elementor-widget-text-editor" data-id="2bf24b7" data-element_type="widget" data-widget_type="text-editor.default">
				<div class="elementor-widget-container">
									<p>The word "jaŋde" belongs to the Fula or Pulaar language, the language of the Fulani, an ethnic group present in several countries in the southern Sahel area, in West Africa, with more than 40 million speakers today.</p><p>"Jaŋde" can be translated as "reading" and also "teaching".</p><p>Our name is a reflection of what we seek through our books.</p>								</div>
				</div>
				</div>
					</div>
				</div>
		<div class="elementor-element elementor-element-475924a e-flex e-con-boxed e-con e-parent" data-id="475924a" data-element_type="container">
					<div class="e-con-inner">
		<div class="elementor-element elementor-element-bd1c558 e-flex e-con-boxed e-con e-child" data-id="bd1c558" data-element_type="container">
					<div class="e-con-inner">
		<div class="elementor-element elementor-element-e977662 e-flex e-con-boxed e-con e-child" data-id="e977662" data-element_type="container" data-settings="{&quot;background_background&quot;:&quot;classic&quot;}">
					<div class="e-con-inner">
				<div class="elementor-element elementor-element-4c864e3 elementor-widget elementor-widget-icon-box" data-id="4c864e3" data-element_type="widget" data-widget_type="icon-box.default">
				<div class="elementor-widget-container">
							<div class="elementor-icon-box-wrapper">

			
						<div class="elementor-icon-box-content">

									<h3 class="elementor-icon-box-title">
						<span  >
							WE SEEK						</span>
					</h3>
				
									<p class="elementor-icon-box-description">
						Promote racialized or migrant voices who have a difficult access  in the publishing industry due to discrimination based on their origin, race or ethnicity. These voices are necessary and have a lot to say, we want to read them.					</p>
				
			</div>
			
		</div>
						</div>
				</div>
					</div>
				</div>
		<div class="elementor-element elementor-element-75c571a e-flex e-con-boxed e-con e-child" data-id="75c571a" data-element_type="container" data-settings="{&quot;background_background&quot;:&quot;classic&quot;}">
					<div class="e-con-inner">
				<div class="elementor-element elementor-element-7bd15a8 elementor-widget elementor-widget-icon-box" data-id="7bd15a8" data-element_type="widget" data-widget_type="icon-box.default">
				<div class="elementor-widget-container">
							<div class="elementor-icon-box-wrapper">

			
						<div class="elementor-icon-box-content">

									<h3 class="elementor-icon-box-title">
						<span  >
							WE ARE INTERESTED IN						</span>
					</h3>
				
									<p class="elementor-icon-box-description">
						Expand into Catalan market the range of translations  of already established international writers, authors of works that allow us to learn about new worlds, new realities and new perspectives that, in fact, are still another, legitimate, living face of our own society					</p>
				
			</div>
			
		</div>
						</div>
				</div>
					</div>
				</div>
		<div class="elementor-element elementor-element-f15a79f e-flex e-con-boxed e-con e-child" data-id="f15a79f" data-element_type="container" data-settings="{&quot;background_background&quot;:&quot;classic&quot;}">
					<div class="e-con-inner">
				<div class="elementor-element elementor-element-6c56c5c elementor-widget elementor-widget-icon-box" data-id="6c56c5c" data-element_type="widget" data-widget_type="icon-box.default">
				<div class="elementor-widget-container">
							<div class="elementor-icon-box-wrapper">

			
						<div class="elementor-icon-box-content">

									<h3 class="elementor-icon-box-title">
						<span  >
							We are interested						</span>
					</h3>
				
									<p class="elementor-icon-box-description">
						Not only publishing voices of migrant origin for the mere fact of being one, but also always taking into account the requirement of literary quality, offering authors the opportunity, financial remuneration, support, and the framework of dignity and equality they deserve. That they access, finally, the Catalan cultural network without it being an anecdotal or instrumentalized fact.					</p>
				
			</div>
			
		</div>
						</div>
				</div>
					</div>
				</div>
					</div>
				</div>
					</div>
				</div>
		<div class="elementor-element elementor-element-fa91919 e-flex e-con-boxed e-con e-parent" data-id="fa91919" data-element_type="container">
					<div class="e-con-inner">
		<div class="elementor-element elementor-element-cf029ed e-con-full e-flex e-con e-child" data-id="cf029ed" data-element_type="container">
		<div class="elementor-element elementor-element-b339b90 e-con-full e-flex e-con e-child" data-id="b339b90" data-element_type="container" data-settings="{&quot;background_background&quot;:&quot;classic&quot;}">
				<div class="elementor-element elementor-element-7cf8520 elementor-widget elementor-widget-image" data-id="7cf8520" data-element_type="widget" data-widget_type="image.default">
				<div class="elementor-widget-container">
															<img decoding="async" width="800" height="534" src="https://editorialjande.com/wp-content/uploads/2024/02/4Z8A4851-1024x683.jpg" class="attachment-large size-large wp-image-110" alt="" srcset="https://editorialjande.com/wp-content/uploads/2024/02/4Z8A4851-1024x683.jpg 1024w, https://editorialjande.com/wp-content/uploads/2024/02/4Z8A4851-scaled-600x400.jpg 600w, https://editorialjande.com/wp-content/uploads/2024/02/4Z8A4851-300x200.jpg 300w, https://editorialjande.com/wp-content/uploads/2024/02/4Z8A4851-768x512.jpg 768w, https://editorialjande.com/wp-content/uploads/2024/02/4Z8A4851-1536x1024.jpg 1536w, https://editorialjande.com/wp-content/uploads/2024/02/4Z8A4851-2048x1365.jpg 2048w" sizes="(max-width: 800px) 100vw, 800px" />															</div>
				</div>
				</div>
		<div class="elementor-element elementor-element-5f41dd2 e-con-full e-flex e-con e-child" data-id="5f41dd2" data-element_type="container">
				<div class="elementor-element elementor-element-eaf4459 elementor-widget elementor-widget-heading" data-id="eaf4459" data-element_type="widget" data-widget_type="heading.default">
				<div class="elementor-widget-container">
					<h2 class="elementor-heading-title elementor-size-default">Who we are</h2>				</div>
				</div>
				<div class="elementor-element elementor-element-e80e94b elementor-widget elementor-widget-heading" data-id="e80e94b" data-element_type="widget" data-widget_type="heading.default">
				<div class="elementor-widget-container">
					<h2 class="elementor-heading-title elementor-size-default">The editors</h2>				</div>
				</div>
				<div class="elementor-element elementor-element-660654c elementor-widget elementor-widget-text-editor" data-id="660654c" data-element_type="widget" data-widget_type="text-editor.default">
				<div class="elementor-widget-container">
									<p><strong>Aissata M’ballo Diao</strong><strong>Aissata M'ballo Diao</strong>, graduated in Journalism and Humanities from the Pompeu Fabra University and with a master's degree in Publishing from the UPF-BSM, is the daughter of Senegalese parents and she was twenty-three years old when she found herself represented for the first time in the cover of a fiction book.</p><p class="translation-block"><strong>Diana Rahmouni Audenis</strong>, graduated in Modern Languages ​​and Literatures from the University of Barcelona, ​​with a master's degree in Publishing from Taller de los Libros and with a postgraduate degree in Culture, Reading and Literature for Children and Young People from the University of Valencia, is the daughter of Syrian father and Catalan mother and for many years she thought that Arabic literature was an inaccessible mystery.</p>								</div>
				</div>
				</div>
				</div>
					</div>
				</div>
				</div>

<p>Què és JAŊDE Editorial és una cooperativa editorial de ficció i no-ficció en català que neix entre Barcelona, Vic i Mataró amb vocació social: generar un espai de qualitat per a la literatura que no sabíem que ens mancava. El nostre nom El mot «jaŋde» pertany a la llengua fula o pulaar, l’idioma dels fulanis, [&hellip;]</p>
