{"id":2028,"date":"2025-04-10T09:45:39","date_gmt":"2025-04-10T09:45:39","guid":{"rendered":"https:\/\/editorialjande.com\/?post_type=agenda&#038;p=2028"},"modified":"2025-04-14T15:39:12","modified_gmt":"2025-04-14T15:39:12","slug":"filmig-foire-itinerante-du-livre-migrant","status":"publish","type":"agenda","link":"https:\/\/editorialjande.com\/fr\/agenda\/filmig-foire-itinerante-du-livre-migrant\/","title":{"rendered":"FILMIG Foire itin\u00e9rante du Livre Migrant"},"content":{"rendered":"<p>Nous participons \u00e0 la <strong>deuxi\u00e8me \u00e9dition de FILMIG<\/strong>. Vous pouvez nous trouver vendredi 11 et samedi 12 avril \u00e0 <strong>Casinet d\u2019Hostafrancs<\/strong>.<\/p>","protected":false},"featured_media":0,"parent":0,"template":"","meta":{"_acf_changed":false},"categoria-agenda":[],"class_list":["post-2028","agenda","type-agenda","status-publish","hentry"],"acf":[],"_links":{"self":[{"href":"https:\/\/editorialjande.com\/fr\/wp-json\/wp\/v2\/agenda\/2028","targetHints":{"allow":["GET"]}}],"collection":[{"href":"https:\/\/editorialjande.com\/fr\/wp-json\/wp\/v2\/agenda"}],"about":[{"href":"https:\/\/editorialjande.com\/fr\/wp-json\/wp\/v2\/types\/agenda"}],"wp:attachment":[{"href":"https:\/\/editorialjande.com\/fr\/wp-json\/wp\/v2\/media?parent=2028"}],"wp:term":[{"taxonomy":"categoria-agenda","embeddable":true,"href":"https:\/\/editorialjande.com\/fr\/wp-json\/wp\/v2\/categoria-agenda?post=2028"}],"curies":[{"name":"wp","href":"https:\/\/api.w.org\/{rel}","templated":true}]}}

FILMIG Foire itinérante du Livre Migrant

<p>Nous participons à la <strong>deuxième édition de FILMIG</strong>. Vous pouvez nous trouver vendredi 11 et samedi 12 avril à <strong>Casinet d’Hostafrancs</strong>.</p>
