{"id":2058,"date":"2025-05-12T14:39:31","date_gmt":"2025-05-12T14:39:31","guid":{"rendered":"https:\/\/editorialjande.com\/?post_type=agenda&#038;p=2058"},"modified":"2025-05-12T14:43:42","modified_gmt":"2025-05-12T14:43:42","slug":"presentation-ce-nest-pas-si-radical-avec-laida-memba-et-maria-serra","status":"publish","type":"agenda","link":"https:\/\/editorialjande.com\/fr\/agenda\/presentation-ce-nest-pas-si-radical-avec-laida-memba-et-maria-serra\/","title":{"rendered":"Pr\u00e9sentation \u00e0 la Cit\u00e9 Invisible \"Ce n'est pas si radical\" avec Laida Memba et Maria Serra"},"content":{"rendered":"<p>Nous vous attendons pour la premi\u00e8re conversation que nous avons pens\u00e9e autour de \"Ce n'est pas si radical\". Nous avons tr\u00e8s h\u00e2te car ce n'est pas seulement une pr\u00e9sentation, mais c'est une opportunit\u00e9 d'entendre deux grands intervenants qui nous apporteront une vision approfondie de la justice climatique et des propositions de ce livre : Laida Memba (architecte et chercheuse) et Maria Serra (cofondatrice de Fridays for Future BCN).<\/p>\n<p><a href=\"https:\/\/www.instagram.com\/p\/DJjWALpIkMb\/\" target=\"_blank\" rel=\"noopener noreferrer nofollow\">https:\/\/www.instagram.com\/p\/DJjWALpIkMb\/<\/a><\/p>\n<p>Jeudi 15\/05 \u00e0 18h30 \u00e0 la Cit\u00e9 Invisible, Riera d'Escuder, 38, bas, Barcelone, Espagne 08028<\/p>","protected":false},"featured_media":0,"parent":0,"template":"","meta":{"_acf_changed":false},"categoria-agenda":[],"class_list":["post-2058","agenda","type-agenda","status-publish","hentry"],"acf":[],"_links":{"self":[{"href":"https:\/\/editorialjande.com\/fr\/wp-json\/wp\/v2\/agenda\/2058","targetHints":{"allow":["GET"]}}],"collection":[{"href":"https:\/\/editorialjande.com\/fr\/wp-json\/wp\/v2\/agenda"}],"about":[{"href":"https:\/\/editorialjande.com\/fr\/wp-json\/wp\/v2\/types\/agenda"}],"wp:attachment":[{"href":"https:\/\/editorialjande.com\/fr\/wp-json\/wp\/v2\/media?parent=2058"}],"wp:term":[{"taxonomy":"categoria-agenda","embeddable":true,"href":"https:\/\/editorialjande.com\/fr\/wp-json\/wp\/v2\/categoria-agenda?post=2058"}],"curies":[{"name":"wp","href":"https:\/\/api.w.org\/{rel}","templated":true}]}}

Présentation à la Cité Invisible "Ce n'est pas si radical" avec Laida Memba et Maria Serra

<p>Nous vous attendons pour la première conversation que nous avons pensée autour de "Ce n'est pas si radical". Nous avons très hâte car ce n'est pas seulement une présentation, mais c'est une opportunité d'entendre deux grands intervenants qui nous apporteront une vision approfondie de la justice climatique et des propositions de ce livre : Laida Memba (architecte et chercheuse) et Maria Serra (cofondatrice de Fridays for Future BCN).</p>
<p><a href="https://www.instagram.com/p/DJjWALpIkMb/" target="_blank" rel="noopener noreferrer nofollow">https://www.instagram.com/p/DJjWALpIkMb/</a></p>
<p>Jeudi 15/05 à 18h30 à la Cité Invisible, Riera d'Escuder, 38, bas, Barcelone, Espagne 08028</p>
