{"id":2076,"date":"2025-06-15T16:51:19","date_gmt":"2025-06-15T16:51:19","guid":{"rendered":"https:\/\/editorialjande.com\/?post_type=product&#038;p=2076"},"modified":"2025-07-26T06:24:13","modified_gmt":"2025-07-26T06:24:13","slug":"le-patron-nest-pas-si-radical-de-jande","status":"publish","type":"product","link":"https:\/\/editorialjande.com\/fr\/produit\/le-patron-nest-pas-si-radical-de-jande\/","title":{"rendered":"Sac Non est pas si radical de Ja\u014bde"},"content":{"rendered":"<p><span data-olk-copy-source=\"MessageBody\">Obtenez le sac \u00e0 livres #No\u00c9sTanRadical de Ja\u014bde x Top Manta!<\/span><\/p>\n<p>Unit\u00e9s limit\u00e9es de tissu fabriqu\u00e9 en Catalogne et confectionn\u00e9es en collaboration avec l'atelier de Top Manta.<\/p>\n<p>Entre autres choses, la taille id\u00e9ale pour transporter vos livres d'\u00e9t\u00e9 \u2728<\/p>\n<p>&nbsp;<\/p>\n<p><b>Commandez-la maintenant pour 16,50\u20ac ou choisissez votre pack de sac avec livres \u00e0 prix r\u00e9duit!<\/b><\/p>","protected":false},"excerpt":{"rendered":"<p>Aconsegueix la bossa portallibres #No\u00c9sTanRadical de Ja\u014bde x Top Manta! Unitats limitades de teixit fabricat a Catalunya i confeccionades en col\u00b7laboraci\u00f3 amb el taller de Top Manta. Entre altres coses, la mida ideal per portar els teus llibres d\u2019estiu\u00a0\u2728 &nbsp; Demana-la ara per 16,50\u20ac o escull el teu pack de bossa amb llibres per un [&hellip;]<\/p>\n","protected":false},"featured_media":2077,"template":"","meta":{"_acf_changed":false},"any":[],"autor":[],"colleccio":[],"mes":[],"semestre":[],"product_brand":[],"product_cat":[86],"product_tag":[],"class_list":{"0":"post-2076","1":"product","2":"type-product","3":"status-publish","4":"has-post-thumbnail","6":"product_cat-bossa","8":"first","9":"instock","10":"shipping-taxable","11":"purchasable","12":"product-type-simple"},"acf":[],"_links":{"self":[{"href":"https:\/\/editorialjande.com\/fr\/wp-json\/wp\/v2\/product\/2076","targetHints":{"allow":["GET"]}}],"collection":[{"href":"https:\/\/editorialjande.com\/fr\/wp-json\/wp\/v2\/product"}],"about":[{"href":"https:\/\/editorialjande.com\/fr\/wp-json\/wp\/v2\/types\/product"}],"wp:featuredmedia":[{"embeddable":true,"href":"https:\/\/editorialjande.com\/fr\/wp-json\/wp\/v2\/media\/2077"}],"wp:attachment":[{"href":"https:\/\/editorialjande.com\/fr\/wp-json\/wp\/v2\/media?parent=2076"}],"wp:term":[{"taxonomy":"any","embeddable":true,"href":"https:\/\/editorialjande.com\/fr\/wp-json\/wp\/v2\/any?post=2076"},{"taxonomy":"autor","embeddable":true,"href":"https:\/\/editorialjande.com\/fr\/wp-json\/wp\/v2\/autor?post=2076"},{"taxonomy":"colleccio","embeddable":true,"href":"https:\/\/editorialjande.com\/fr\/wp-json\/wp\/v2\/colleccio?post=2076"},{"taxonomy":"mes","embeddable":true,"href":"https:\/\/editorialjande.com\/fr\/wp-json\/wp\/v2\/mes?post=2076"},{"taxonomy":"semestre","embeddable":true,"href":"https:\/\/editorialjande.com\/fr\/wp-json\/wp\/v2\/semestre?post=2076"},{"taxonomy":"product_brand","embeddable":true,"href":"https:\/\/editorialjande.com\/fr\/wp-json\/wp\/v2\/product_brand?post=2076"},{"taxonomy":"product_cat","embeddable":true,"href":"https:\/\/editorialjande.com\/fr\/wp-json\/wp\/v2\/product_cat?post=2076"},{"taxonomy":"product_tag","embeddable":true,"href":"https:\/\/editorialjande.com\/fr\/wp-json\/wp\/v2\/product_tag?post=2076"}],"curies":[{"name":"wp","href":"https:\/\/api.w.org\/{rel}","templated":true}]}}

Sac Non est pas si radical de Jaŋde

<p><span data-olk-copy-source="MessageBody">Obtenez le sac à livres #NoÉsTanRadical de Jaŋde x Top Manta!</span></p>
<p>Unités limitées de tissu fabriqué en Catalogne et confectionnées en collaboration avec l'atelier de Top Manta.</p>
<p>Entre autres choses, la taille idéale pour transporter vos livres d'été ✨</p>
<p>&nbsp;</p>
<p><b>Commandez-la maintenant pour 16,50€ ou choisissez votre pack de sac avec livres à prix réduit!</b></p>

<p>Aconsegueix la bossa portallibres #NoÉsTanRadical de Jaŋde x Top Manta! Unitats limitades de teixit fabricat a Catalunya i confeccionades en col·laboració amb el taller de Top Manta. Entre altres coses, la mida ideal per portar els teus llibres d’estiu ✨ &nbsp; Demana-la ara per 16,50€ o escull el teu pack de bossa amb llibres per un [&hellip;]</p>
